
{"id":953,"date":"2018-10-14T13:24:23","date_gmt":"2018-10-14T11:24:23","guid":{"rendered":"https:\/\/www.cegazelles.net\/?page_id=953"},"modified":"2019-03-12T01:11:57","modified_gmt":"2019-03-12T00:11:57","slug":"conference-5em-sec","status":"publish","type":"page","link":"https:\/\/www.cegazelles.net\/?page_id=953","title":{"rendered":"Conf\u00e9rence 5 \u00e8me H.P"},"content":{"rendered":"<p>Retrouvez sur cette page, les meilleurs travaux r\u00e9alis\u00e9s par les \u00e9l\u00e8ves dans le cadre de leurs \u00e9tudes.<\/p>\n<ol>\n<li>\u00a0\u00bb <a href=\"https:\/\/www.cegazelles.net\/wp-content\/uploads\/2019\/03\/Histoire-des-recyclages.pdf\">Histoire des recyclages \u00ab\u00a0<\/a><strong style=\"color: #545454;\">\u00a0: Si l&rsquo;histoire du recyclage m&rsquo;\u00e9tait cont\u00e9e\u00a0!<\/strong><\/li>\n<\/ol>\n<ul>\n<li>Expos\u00e9 pr\u00e9sent\u00e9 par les \u00e9l\u00e8ves de 5<sup>e<\/sup>Secondaire Humanit\u00e9s P\u00e9dagogiques 1998\/1999<\/li>\n<\/ul>\n<p>Sous la direction de <strong>BOYI KIZITO<\/strong>, professeur de Fran\u00e7ais<\/p>\n\n\n<p><\/p>\n","protected":false},"excerpt":{"rendered":"<p>Retrouvez sur cette page, les meilleurs travaux r\u00e9alis\u00e9s par les \u00e9l\u00e8ves dans le cadre de leurs \u00e9tudes. \u00a0\u00bb Histoire des recyclages \u00ab\u00a0\u00a0: Si l&rsquo;histoire du recyclage m&rsquo;\u00e9tait cont\u00e9e\u00a0! Expos\u00e9 pr\u00e9sent\u00e9 par les \u00e9l\u00e8ves de 5eSecondaire Humanit\u00e9s P\u00e9dagogiques 1998\/1999 Sous la&hellip;&nbsp;<a href=\"https:\/\/www.cegazelles.net\/?page_id=953\" class=\"more-link\">Lire la suite<\/a><\/p>\n","protected":false},"author":7,"featured_media":1453,"parent":0,"menu_order":0,"comment_status":"closed","ping_status":"closed","template":"","meta":{"url":"","client":"","location":"","start_date":"","end_date":"","footnotes":""},"class_list":["post-953","page","type-page","status-publish","has-post-thumbnail","hentry"],"_links":{"self":[{"href":"https:\/\/www.cegazelles.net\/index.php?rest_route=\/wp\/v2\/pages\/953","targetHints":{"allow":["GET"]}}],"collection":[{"href":"https:\/\/www.cegazelles.net\/index.php?rest_route=\/wp\/v2\/pages"}],"about":[{"href":"https:\/\/www.cegazelles.net\/index.php?rest_route=\/wp\/v2\/types\/page"}],"author":[{"embeddable":true,"href":"https:\/\/www.cegazelles.net\/index.php?rest_route=\/wp\/v2\/users\/7"}],"replies":[{"embeddable":true,"href":"https:\/\/www.cegazelles.net\/index.php?rest_route=%2Fwp%2Fv2%2Fcomments&post=953"}],"version-history":[{"count":9,"href":"https:\/\/www.cegazelles.net\/index.php?rest_route=\/wp\/v2\/pages\/953\/revisions"}],"predecessor-version":[{"id":2188,"href":"https:\/\/www.cegazelles.net\/index.php?rest_route=\/wp\/v2\/pages\/953\/revisions\/2188"}],"wp:featuredmedia":[{"embeddable":true,"href":"https:\/\/www.cegazelles.net\/index.php?rest_route=\/wp\/v2\/media\/1453"}],"wp:attachment":[{"href":"https:\/\/www.cegazelles.net\/index.php?rest_route=%2Fwp%2Fv2%2Fmedia&parent=953"}],"curies":[{"name":"wp","href":"https:\/\/api.w.org\/{rel}","templated":true}]}}